git of 71826?
8
What is the hundreds digit of 7010126?
1
What is the millions digit of 11625850?
1
What is the millions digit of 21027771?
1
What is the hundred thousands digit of 156174?
1
What is the hundreds digit of 2665841?
8
What is the hundreds digit of 1429502?
5
What is the thousands digit of 152619?
2
What is the units digit of 293851?
1
What is the ten thousands digit of 30443?
3
What is the ten thousands digit of 92801?
9
What is the millions digit of 23481587?
3
What is the tens digit of 138853?
5
What is the tens digit of 141077?
7
What is the hundreds digit of 32673045?
0
What is the tens digit of 2555215?
1
What is the ten thousands digit of 252549?
5
What is the tens digit of 3361340?
4
What is the tens digit of 384683?
8
What is the tens digit of 483489?
8
What is the hundred thousands digit of 289361?
2
What is the hundreds digit of 1073978?
9
What is the hundred thousands digit of 230399?
2
What is the hundred thousands digit of 8345224?
3
What is the tens digit of 44139?
3
What is the tens digit of 848070?
7
What is the thousands digit of 6116027?
6
What is the tens digit of 381339?
3
What is the thousands digit of 1157341?
7
What is the millions digit of 1493429?
1
What is the hundred thousands digit of 108209?
1
What is the hundreds digit of 90617?
6
What is the hundreds digit of 1009365?
3
What is the ten thousands digit of 127662?
2
What is the hundred thousands digit of 725618?
7
What is the tens digit of 545581?
8
What is the thousands digit of 526422?
6
What is the hundreds digit of 7143810?
8
What is the ten thousands digit of 6742210?
4
What is the ten thousands digit of 2378167?
7
What is the thousands digit of 5692736?
2
What is the tens digit of 176881?
8
What is the hundreds digit of 1118458?
4
What is the tens digit of 694906?
0
What is the tens digit of 8458760?
6
What is the thousands digit of 325633?
5
What is the thousands digit of 11336573?
6
What is the units digit of 495274?
4
What is the ten thousands digit of 1236410?
3
What is the ten millions digit of 22501584?
2
What is the hundreds digit of 2104779?
7
What is the units digit of 193403?
3
What is the millions digit of 1055440?
1
What is the thousands digit of 1529090?
9
What is the hundred thousands digit of 1766921?
7
What is the ten thousands digit of 1046272?
4
What is the units digit of 911142?
2
What is the ten thousands digit of 35635451?
3
What is the hundreds digit of 124110?
1
What is the hundred thousands digit of 25169391?
1
What is the tens digit of 278524?
2
What is the millions digit of 3260280?
3
What is the tens digit of 271639?
3
What is the tens digit of 338443?
4
What is the millions digit of 9652145?
9
What is the hundreds digit of 2292953?
9
What is the hundred thousands digit of 11276952?
2
What is the ten millions digit of 21938933?
2
What is the thousands digit of 946939?
6
What is the thousands digit of 497061?
7
What is the hundred thousands digit of 208356?
2
What is the hundred thousands digit of 2591077?
5
What is the units digit of 14178300?
0
What is the hundreds digit of 4220462?
4
What is the ten thousands digit of 1613784?
1
What is the hundreds digit of 402212?
2
What is the ten thousands digit of 12826606?
2
What is the thousands digit of 3762861?
2
What is the ten thousands digit of 419589?
1
What is the thousands digit of 6309569?
9
What is the ten thousands digit of 687024?
8
What is the millions digit of 2122838?
2
What is the units digit of 1024862?
2
What is the thousands digit of 10156247?
6
What is the tens digit of 464037?
3
What is the hundred thousands digit of 1746086?
7
What is the thousands digit of 14006735?
6
What is the millions digit of 2318675?
2
What is the tens digit of 668587?
8
What is the hundred thousands digit of 754186?
7
What is the hundred thousands digit of 143848?
1
What is the thousands digit of 887579?
7
What is the tens digit of 99604?
0
What is the ten thousands digit of 727073?
2
What is the tens digit of 3050642?
4
What is the hundreds digit of 517731?
7
What is the tens digit of 8769161?
6
What is the hundred thousands digit of 283644?
2
What is the hundreds digit of 8393410?
4
What is the hundreds digit of 1652009?
0
What is the tens digit of 159011?
1
What is the hundred thousands digit of 1718120?
7
What is the ten thousands digit of 23323?
2
What is the hundred thousands digit of 988065?
9
What is the ten thousands digit of 175732?
7
What is the hundred thousands digit of 783659?
7
What is the units digit of 2188063?
3
What is the hundreds digit of 2136379?
3
What is the millions digit of 7976396?
7
What is the thousands digit of 201405?
1
What is the thousands digit of 39693?
9
What is the hundreds digit of 1111891?
8
What is the hundred thousands digit of 4020017?
0
What is the ten thousands digit of 1295226?
9
What is the thousands digit of 852585?
2
What is the ten thousands digit of 873992?
7
What is the hundred thousands digit of 643484?
6
What is the tens digit of 976749?
4
What is the ten thousands digit of 89567?
8
What is the units digit of 82081?
1
What is the ten thousands digit of 32439222?
3
What is the thousands digit of 352800?
2
What is the ten thousands digit of 9869988?
6
What is the hundred thousands digit of 641206?
6
What is the tens digit of 74169?
6
What is the hundred thousands digit of 3046080?
0
What is the units digit of 849974?
4
What is the hundred thousands digit of 677892?
6
What is the ten thousands digit of 4458324?
5
What is the thousands digit of 355413?
5
What is the thousands digit of 424530?
4
What is the ten thousands digit of 6208080?
0
What is the ten thousands digit of 837863?
3
What is the hundred thousands digit of 13675749?
6
What is the hundred thousands digit of 4542207?
5
What is the hundred thousands digit of 9648673?
6
What is the ten thousands digit of 997512?
9
What is the millions digit of 3631996?
3
What is the units digit of 14304033?
3
What is the hundreds digit of 219998?
9
What is the hundreds digit of 2306914?
9
What is the hundred thousands digit of 241231?
2
What is the tens digit of 125366?
6
What is the thousands digit of 284087?
4
What is the hundreds digit of 6115127?
1
What is the hundred thousands digit of 2936565?
9
What is the ten thousands digit of 66338?
6
What is the millions digit of 8620423?
8
What is the units digit of 15893952?
2
What is the ten thousands digit of 121456?
2
What is the hundred thousands digit of 382813?
3
What is the units digit of 29503861?
1
What is the hundred thousands digit of 2478623?
4
What is the tens digit of 16074938?
3
What is the hundreds digit of 381821?
8
What is the thousands digit of 2733938?
3
What is the hundred thousands digit of 5154846?
1
What is the thousands digit of 301627?
1
What is the thousands digit of 271469?
1
What is the tens digit of 284551?
5
What is the hundred thousands digit of 1247802?
2
What is the tens digit of 176225?
2
What is the thousands digit of 1802976?
2
What is the millions digit of 6542969?
6
What is the tens digit of 6523452?
5
What is the tens digit of 479647?
4
What is the hundreds digit of 85847?
8
What is the thousands digit of 141478?
1
What is the tens digit of 9532692?
9
What is the hundreds digit of 795644?
6
What is the tens digit of 20848169?
6
What is the units digit of 1461707?
7
What is the hundreds digit of 402498?
4
What is the hundreds digit of 24745?
7
What is the millions digit of 1381503?
1
What is the thousands digit of 2441679?
1
What is the ten thousands digit of 405198?
0
What is the ten thousands digit of 244988?
4
What is the units digit of 555335?
5
What is the tens digit of 99075?
7
What is the millions digit of 11298334?
1
What is the units digit of 2899?
9
What is the ten thousands digit of 2609596?
0
What is the tens digit of 4449243?
4
What is the ten thousands digit of 1785364?
8
What is the millions digit of 1760188?
1
What is the hundreds digit of 147749?
7
What is the tens digit of 522404?
0
What is the hundreds digit of 339438?
4
What is the hundred thousands digit of 11228408?
2
What is the hundred thousands digit of 193265?
1
What is the hundreds digit of 547647?
6
What is the hundreds digit of 16694499?
4
What is the ten thousands digit of 1443920?
4
What is the units digit of 520785?
5